i(o) = 3*o**2 - 38*o - 27. Let r(a) = -a**2 + 13*a + 9. Suppose 5*k + 0*k - 55 = 0. Let w(j) = k*r(j) + 4*i(j). What are the prime factors of w(-5)?
61
Let z = -1163 - -1535. What are the prime factors of z?
2, 3, 31
Let m be (2 - -4)*1/2. Let w be 4 + 2/(-3)*m. Suppose 0 = 3*p - 5*o - 38 - 41, -w*p - 3*o = -59. List the prime factors of p.
2, 7
Let h(p) = 2*p**2 - 6*p - 3. Let n be h(6). Let f = 63 - n. List the prime factors of (-4)/30 + 634/f.
3, 7
Let t = -4 - -13. Let l(s) = -s**3 + 9*s**2 + 7*s - 11. Let d be l(t). Suppose -u - 3 = 0, -4*f + d = -3*f - u. What are the prime factors of f?
7
Suppose 0 = -13*r + 10*r + 210. Let g = 103 - r. List the prime factors of g.
3, 11
List the prime factors of ((-3260)/(-8))/1 + 3/(-2).
2, 7, 29
What are the prime factors of (-6)/81 - 129525/(-81)?
3, 13, 41
Let t(x) be the second derivative of -x**5/20 + 3*x**4/2 - 17*x**3/6 + 5*x**2/2 - 3*x. Let h be t(17). What are the prime factors of (-6)/15 + 102/h?
2, 5
Suppose -9*p + 7943 + 4936 = 0. What are the prime factors of p?
3, 53
Suppose 0 = 2*k + 3*k - 25. Suppose -k*o = 25, -4*x + 4*o - 214 = -794. Suppose -6*f + 2*f = -x. What are the prime factors of f?
5, 7
List the prime factors of (-4)/(-38) - (-7107726)/1653.
2, 5, 43
Let h be -1*(-8)/(-4) + 7. Suppose -15 - 19 = -3*f - 2*p, 45 = h*f + p. What are the prime factors of f?
2
Suppose -90*c + 95*c - 2480 = 0. What are the prime factors of c?
2, 31
Suppose -3554 = -4*m + 5*k - 243, -2*m + 3*k + 1657 = 0. What are the prime factors of m?
2, 103
Let f be 410/4 - 72/(-48). Suppose -456 = f*k - 107*k. What are the prime factors of k?
2, 19
Suppose -5*c = -15, 5*q = 5*c - 121 + 446. Suppose 3*d + v = -d + 251, d = -2*v + q. List the prime factors of d.
2, 31
Let a(q) be the third derivative of q**5/60 - 5*q**4/24 + 3*q**3/2 - 5*q**2. Suppose -2*w - 20 = -2*n, 4*n - 41 - 7 = -4*w. What are the prime factors of a(n)?
3, 5
Let w = -1 + 3. Suppose -4*p = 34 - 58. Suppose -p*n = -w*n - 64. What are the prime factors of n?
2
Suppose -3*j + 35 = 4*j. Suppose 0 = 2*p - 4, 0*p = j*k + p - 487. What are the prime factors of k?
97
Suppose 2*z = 6*z - 52. Suppose 122 = a - z. What are the prime factors of a?
3, 5
Let k be 4/6 - -2*(-5)/(-3). Suppose 0*x + 188 = 4*x. Suppose -x = -3*m - 5*z, -4 + 8 = k*z. What are the prime factors of m?
2, 7
Suppose 327 = -247*g + 250*g. List the prime factors of g.
109
Let d(b) = -b**2 + 9*b - 13. Let r be d(6). Suppose 3*p - 506 = -5*i, -r*i + 4*i = -p - 106. What are the prime factors of i?
103
Let m = 124 + 1042. List the prime factors of m.
2, 11, 53
Suppose 4*q = 7*q + 3*c - 705, 4*q + c - 952 = 0. What are the prime factors of q?
239
List the prime factors of (-8239)/(-11) + 0/(-2).
7, 107
Let r be (-7)/(-3 + -3 + 5). Let x be 9*10 + (2 - -1). Suppose r*i = 10*i - x. List the prime factors of i.
31
Let n = -155 + 93. Let z = -28 - n. Suppose -2*c = 4*i - z, -4*c = -3*i + 2*i - 50. What are the prime factors of c?
13
Let a be 1 - (2 - 9/3). Suppose a*d = 6*d. Suppose g = -d*g + 8. List the prime factors of g.
2
Let x = -2289 - -3494. List the prime factors of x.
5, 241
Suppose -2263 = -2*o + 5*p, 2*o = -5*p + 4*p + 2293. List the prime factors of o.
2, 11, 13
Suppose 359 + 51 = p. List the prime factors of p/6 - 4/12.
2, 17
Suppose 5*g = -83 - 122. Let z = g + 45. What are the prime factors of z?
2
Let g(v) be the first derivative of -2*v**3/3 - 9*v**2/2 - 4*v - 2. Let i be g(-4). Suppose j + i - 7 = -z, 3*j - 39 = 3*z. List the prime factors of j.
2, 5
Let u = -34 + 31. What are the prime factors of (u - -4)*-2 - -87?
5, 17
Let o(b) = -b**2 + 23*b - 18. List the prime factors of o(16).
2, 47
Let k(v) = -v**2 + 13*v - 7. Let s = 83 + -74. List the prime factors of k(s).
29
Let b(z) = 3*z**2 - 5*z + 17. Suppose -24 = -2*p - 4*i, -7 = -3*i + 5. What are the prime factors of b(p)?
3, 5
Let b be (-2)/9 + 418/99. Let r be 26/39 - b/6. Suppose r = -2*t - 2*t + 64. What are the prime factors of t?
2
Suppose 8507 - 1819 = 11*v. List the prime factors of v.
2, 19
Suppose 3*t + 5*i = 416, -t - 2*i = -29 - 108. Suppose 0 = 3*l + 2*y - t, 2*l = 4*l + 5*y - 98. List the prime factors of l.
7
Let w = -16 + 119. List the prime factors of w.
103
Suppose -n = -4*n + 9. Suppose -n*c - 46 = -5*c. What are the prime factors of c?
23
Suppose 1822 + 12535 = 7*t. List the prime factors of t.
7, 293
Suppose 6*j = 2*j - 4*w - 648, -w = 5*j + 790. Let n = -81 - j. What are the prime factors of n?
2, 19
Let t(o) = -3*o**2 + 47*o + 13. Let c(u) = u**2 - 2*u + 1. Let h(s) = -5*c(s) - t(s). What are the prime factors of h(-17)?
3, 11
Let k(r) = -55*r - 7. Let d(t) = t**3 + 10*t**2 - 11*t - 2. Let i be d(-11). List the prime factors of k(i).
103
Let u(s) = -s**3 + 5*s + 5. Let w be u(-2). Suppose o + 906 = 4*d, -w*d + 676 = 5*o - 15. List the prime factors of d.
227
Suppose -5*k = f - 3964, 15*f - 19*f = 4. What are the prime factors of k?
13, 61
Let c(p) be the second derivative of p**4/12 + 5*p**3/3 + p**2/2 + p. Let b(r) = r**3 - 5*r**2 - 2*r + 13. Let v be b(4). What are the prime factors of c(v)?
2, 3
Suppose -8 = -2*t - 2. Suppose 0 = -2*o - t*b + 50, 59 = 4*o - 3*b - 23. List the prime factors of o.
2, 11
Suppose 47968 = 18*h - 17498. What are the prime factors of h?
3637
Let t(r) = r**2 - 3*r + 6. Let k be t(4). Suppose -2*c + 0*c + k = 0. Suppose -c*a = -0*a - 230. List the prime factors of a.
2, 23
Suppose 2*s - 52 = -5*b, s + s + b = 52. Suppose 3 = -3*t, s + 55 = i - t. What are the prime factors of i?
2, 5
Let m = 340 + -204. Suppose b = -3*g + m, g = -4*g - 4*b + 222. What are the prime factors of g?
2, 23
Let b(i) = 323*i - 247. What are the prime factors of b(2)?
3, 7, 19
Let l(z) = -z**3 + 7*z**2 - 10*z. Let k be l(5). Let i be (0 + -1 - k)*-1. Suppose 0 = 2*c + 5*f - 58 + i, 5*c - 120 = -5*f. What are the prime factors of c?
3, 7
Let s be 730/(3 + -1)*1. Let c = s - 160. List the prime factors of c.
5, 41
Suppose 3*o - 11 = 4*o. Let a(t) = -t**3 - 12*t**2 - 15*t - 12. What are the prime factors of a(o)?
2
Let y be 5/(5 + (-4)/1). Suppose y*b - 3*b - 140 = 0. List the prime factors of b.
2, 5, 7
Suppose 0 = t + 4*v + 275, -4*t - 2*v - v = 1126. Let z = -65 - t. What are the prime factors of z?
2, 109
Suppose i + 32 = -3*i. Let k = 2 - -1. Let g = k - i. What are the prime factors of g?
11
What are the prime factors of 1636 + (-3 - -2) + 15/3?
2, 5, 41
Let x(r) = 10*r**2 + 4*r + 32. List the prime factors of x(-8).
2, 5
Let f(q) = 265*q**2 + 13*q + 19. List the prime factors of f(-2).
3, 13
Let o(i) = i**3 + 17*i**2 + 57*i - 7. List the prime factors of o(-11).
2, 23
Let n(w) = w**2 + 13*w + 1. Let j(p) = -p**2 - 13*p - 2. Let z(s) = -5*j(s) - 4*n(s). Let d be z(-13). Suppose -i = d - 21. What are the prime factors of i?
3, 5
Let c = -17 + 27. Let t be ((-12)/c)/((-42)/1155). Let s = -15 + t. List the prime factors of s.
2, 3
Let c = 327 - 169. List the prime factors of c.
2, 79
Let r(w) = w**2 + 14*w + 14. Let a be r(-14). Let y(q) = 10 + 26 - q - 4. List the prime factors of y(a).
2, 3
Let u(d) be the second derivative of 39*d**5/20 - d**4/12 - d**3/3 - d**2/2 - 5*d. Let m be u(-1). Let r = -14 - m. List the prime factors of r.
5
Let p = 235 + -119. Let i = p - -51. What are the prime factors of i?
167
Suppose 0 = r - j - 48, -3*r - 15 + 164 = 2*j. List the prime factors of (r/(-6))/(1/(-6)).
7
Let u = 602 - 379. List the prime factors of u.
223
Suppose 128 = -2*r - 162. Let q = r - -169. What are the prime factors of q?
2, 3
Suppose 16*y - 15*y = -4*u + 693, -4*u + 681 = 5*y. List the prime factors of u.
2, 3, 29
Suppose 0 = -4*i + 6*i - 668. List the prime factors of i.
2, 167
Let r = 916 + -205. List the prime factors of r.
3, 79
Let t be (-13)/((-52)/240) + 0. Let z be 1116/t - 2/(-5). Let j = 12 + z. List the prime factors of j.
31
Let a = 866 + 1125. What are the prime factors of a?
11, 181
Suppose 0 = -11*a + 7*a. Suppose -535 = -4*b + b + 2*v, b - v - 179 = a. What are the prime factors of b?
3, 59
List the prime factors of 35536/144 + (-4)/(-18).
13, 19
Let n(i) be the third derivative of -5*i**4/6 - 22*i**3/3 - 5*i**2. List the prime factors of n(-9).
2, 17
Let r be ((-2)/(-6))/((-8)/(-1392)). Suppose 4*x + r = 3*n, n = 5*x + 2 + 10. Suppose -17*i + n*i - 380 = 0. What are